{"id":1583,"date":"2018-07-04T08:09:36","date_gmt":"2018-07-04T06:09:36","guid":{"rendered":"http:\/\/www.culture-relations.ch\/ctrl\/ariane-curdy\/personal-background\/"},"modified":"2025-05-08T09:32:26","modified_gmt":"2025-05-08T07:32:26","slug":"persoenlicher-werdegang","status":"publish","type":"page","link":"https:\/\/www.culture-relations.net\/de\/ariane-curdy\/persoenlicher-werdegang\/","title":{"rendered":"Pers\u00f6nlicher Werdegang"},"content":{"rendered":"\n<figure class=\"wp-block-image aligncenter size-full\"><img loading=\"lazy\" decoding=\"async\" width=\"2000\" height=\"1125\" src=\"https:\/\/www.culture-relations.net\/wp-content\/uploads\/2025\/05\/00_Ariane_Curdy_D.png\" alt=\"\" class=\"wp-image-7189\" srcset=\"https:\/\/www.culture-relations.net\/wp-content\/uploads\/2025\/05\/00_Ariane_Curdy_D.png 2000w, https:\/\/www.culture-relations.net\/wp-content\/uploads\/2025\/05\/00_Ariane_Curdy_D-350x197.png 350w, https:\/\/www.culture-relations.net\/wp-content\/uploads\/2025\/05\/00_Ariane_Curdy_D-1024x576.png 1024w, https:\/\/www.culture-relations.net\/wp-content\/uploads\/2025\/05\/00_Ariane_Curdy_D-768x432.png 768w, https:\/\/www.culture-relations.net\/wp-content\/uploads\/2025\/05\/00_Ariane_Curdy_D-1536x864.png 1536w\" sizes=\"auto, (max-width: 2000px) 100vw, 2000px\" \/><\/figure>\n\n\n\n<h2 class=\"wp-block-heading\"><strong>Zwischen Kulturen, Krisengebieten und einer vernetzten Welt<\/strong><\/h2>\n\n\n\n<ul class=\"wp-block-list\">\n<li>Geboren in Basel als Westschweizerin mit franz\u00f6sischer Muttersprache, wuchs ich zwischen Sprachen, Kulturen und verschiedenen Perspektiven auf. Schon fr\u00fch lernte ich, dass Identit\u00e4t komplex ist und wir uns nicht auf einfache Kategorien reduzieren lassen d\u00fcrfen.<br><\/li>\n\n\n\n<li>Mein Blick auf die Welt wurde in meiner Jugend unter anderem durch den Biafra-Krieg und Aufenthalte in den USA gepr\u00e4gt. Weitere Reisen in Europa \u00f6ffneten mir die Augen f\u00fcr globale Zusammenh\u00e4nge, weckten meine Leidenschaft f\u00fcr Menschenrechte und interkulturellen Dialog und verdeutlichten mir die Bedeutung echter Neugierde.<br><\/li>\n\n\n\n<li>Nach meinem interdisziplin\u00e4ren Studium der Ern\u00e4hrungs- und Wirtschaftssicherheit in Deutschland sammelte ich erste Felderfahrungen als Freiwillige f\u00fcr <strong>M\u00e9decins Sans Fronti\u00e8res (MSF)<\/strong> in Niger, Westafrika. Dort lernte ich, was wahre Demut bedeutet: Nicht als Expertin aufzutreten, sondern zuzuh\u00f6ren und zu lernen.<br><\/li>\n\n\n\n<li>W\u00e4hrend meiner 13-j\u00e4hrigen T\u00e4tigkeit f\u00fcr das Internationale <strong>Komitee vom Roten Kreuz (IKRK) <\/strong>folgten \u00fcber f\u00fcnfzig Eins\u00e4tze in Konfliktregionen weltweit. Diese Erfahrung vermittelte mir die F\u00e4higkeit, Graut\u00f6ne zu erkennen, Annahmen zu hinterfragen und kreative, situationsgerechte L\u00f6sungen zu entwickeln.<br><\/li>\n\n\n\n<li>Um meine Erfahrung weiter zu vertiefen, bildete ich mich in interkultureller Kompetenz und Organisationsentwicklung fort \u2013 mit dem Ziel, Erlebtes in dauerhaftes Verst\u00e4ndnis zu verwandeln.<br><\/li>\n\n\n\n<li>Seit 2001 unterst\u00fctze ich mit <strong>Ctrl Culture Relations<\/strong> Menschen, Teams und Organisationen dabei, sich in einer komplexen, multikulturellen Welt sicher und wirkungsvoll zu bewegen.<br><\/li>\n\n\n\n<li>Menschen miteinander zu verbinden \u2013 mit sich selbst, mit anderen und mit ihrer Umwelt \u2013 ist nicht nur meine Arbeit. Es ist meine Berufung.<\/li>\n<\/ul>\n\n\n\n<figure class=\"wp-block-image aligncenter size-large is-resized\"><img loading=\"lazy\" decoding=\"async\" width=\"652\" height=\"1024\" src=\"https:\/\/www.culture-relations.net\/wp-content\/uploads\/2018\/05\/Ariane_Passeport-652x1024.jpg\" alt=\"\" class=\"wp-image-5586\" style=\"width:310px;height:auto\"\/><\/figure>\n","protected":false},"excerpt":{"rendered":"<p>Zwischen Kulturen, Krisengebieten und einer vernetzten Welt<\/p>\n","protected":false},"author":1,"featured_media":0,"parent":1071,"menu_order":0,"comment_status":"closed","ping_status":"closed","template":"content-pages-AC.php","meta":{"_genesis_hide_title":false,"_genesis_hide_breadcrumbs":false,"_genesis_hide_singular_image":false,"_genesis_hide_footer_widgets":false,"_genesis_custom_body_class":"","_genesis_custom_post_class":"","_genesis_layout":"","footnotes":""},"class_list":{"0":"post-1583","1":"page","2":"type-page","3":"status-publish","5":"entry"},"_links":{"self":[{"href":"https:\/\/www.culture-relations.net\/de\/wp-json\/wp\/v2\/pages\/1583","targetHints":{"allow":["GET"]}}],"collection":[{"href":"https:\/\/www.culture-relations.net\/de\/wp-json\/wp\/v2\/pages"}],"about":[{"href":"https:\/\/www.culture-relations.net\/de\/wp-json\/wp\/v2\/types\/page"}],"author":[{"embeddable":true,"href":"https:\/\/www.culture-relations.net\/de\/wp-json\/wp\/v2\/users\/1"}],"replies":[{"embeddable":true,"href":"https:\/\/www.culture-relations.net\/de\/wp-json\/wp\/v2\/comments?post=1583"}],"version-history":[{"count":2,"href":"https:\/\/www.culture-relations.net\/de\/wp-json\/wp\/v2\/pages\/1583\/revisions"}],"predecessor-version":[{"id":7193,"href":"https:\/\/www.culture-relations.net\/de\/wp-json\/wp\/v2\/pages\/1583\/revisions\/7193"}],"up":[{"embeddable":true,"href":"https:\/\/www.culture-relations.net\/de\/wp-json\/wp\/v2\/pages\/1071"}],"wp:attachment":[{"href":"https:\/\/www.culture-relations.net\/de\/wp-json\/wp\/v2\/media?parent=1583"}],"curies":[{"name":"wp","href":"https:\/\/api.w.org\/{rel}","templated":true}]}}

Persönlicher Werdegang

<figure class="wp-block-image aligncenter size-full"><img loading="lazy" decoding="async" width="2000" height="1125" src="https://www.culture-relations.net/wp-content/uploads/2025/05/00_Ariane_Curdy_D.png" alt="" class="wp-image-7189" srcset="https://www.culture-relations.net/wp-content/uploads/2025/05/00_Ariane_Curdy_D.png 2000w, https://www.culture-relations.net/wp-content/uploads/2025/05/00_Ariane_Curdy_D-350x197.png 350w, https://www.culture-relations.net/wp-content/uploads/2025/05/00_Ariane_Curdy_D-1024x576.png 1024w, https://www.culture-relations.net/wp-content/uploads/2025/05/00_Ariane_Curdy_D-768x432.png 768w, https://www.culture-relations.net/wp-content/uploads/2025/05/00_Ariane_Curdy_D-1536x864.png 1536w" sizes="auto, (max-width: 2000px) 100vw, 2000px" /></figure>



<h2 class="wp-block-heading"><strong>Zwischen Kulturen, Krisengebieten und einer vernetzten Welt</strong></h2>



<ul class="wp-block-list">
<li>Geboren in Basel als Westschweizerin mit französischer Muttersprache, wuchs ich zwischen Sprachen, Kulturen und verschiedenen Perspektiven auf. Schon früh lernte ich, dass Identität komplex ist und wir uns nicht auf einfache Kategorien reduzieren lassen dürfen.<br></li>



<li>Mein Blick auf die Welt wurde in meiner Jugend unter anderem durch den Biafra-Krieg und Aufenthalte in den USA geprägt. Weitere Reisen in Europa öffneten mir die Augen für globale Zusammenhänge, weckten meine Leidenschaft für Menschenrechte und interkulturellen Dialog und verdeutlichten mir die Bedeutung echter Neugierde.<br></li>



<li>Nach meinem interdisziplinären Studium der Ernährungs- und Wirtschaftssicherheit in Deutschland sammelte ich erste Felderfahrungen als Freiwillige für <strong>Médecins Sans Frontières (MSF)</strong> in Niger, Westafrika. Dort lernte ich, was wahre Demut bedeutet: Nicht als Expertin aufzutreten, sondern zuzuhören und zu lernen.<br></li>



<li>Während meiner 13-jährigen Tätigkeit für das Internationale <strong>Komitee vom Roten Kreuz (IKRK) </strong>folgten über fünfzig Einsätze in Konfliktregionen weltweit. Diese Erfahrung vermittelte mir die Fähigkeit, Grautöne zu erkennen, Annahmen zu hinterfragen und kreative, situationsgerechte Lösungen zu entwickeln.<br></li>



<li>Um meine Erfahrung weiter zu vertiefen, bildete ich mich in interkultureller Kompetenz und Organisationsentwicklung fort – mit dem Ziel, Erlebtes in dauerhaftes Verständnis zu verwandeln.<br></li>



<li>Seit 2001 unterstütze ich mit <strong>Ctrl Culture Relations</strong> Menschen, Teams und Organisationen dabei, sich in einer komplexen, multikulturellen Welt sicher und wirkungsvoll zu bewegen.<br></li>



<li>Menschen miteinander zu verbinden – mit sich selbst, mit anderen und mit ihrer Umwelt – ist nicht nur meine Arbeit. Es ist meine Berufung.</li>
</ul>



<figure class="wp-block-image aligncenter size-large is-resized"><img loading="lazy" decoding="async" width="652" height="1024" src="https://www.culture-relations.net/wp-content/uploads/2018/05/Ariane_Passeport-652x1024.jpg" alt="" class="wp-image-5586" style="width:310px;height:auto"/></figure>
