{"id":2160,"date":"2018-03-13T11:55:08","date_gmt":"2018-03-13T10:55:08","guid":{"rendered":"http:\/\/www.culture-relations.ch\/ctrl\/intercultural-competence\/intercultural-communication\/"},"modified":"2025-05-12T20:48:00","modified_gmt":"2025-05-12T18:48:00","slug":"communication-interculturelle","status":"publish","type":"page","link":"https:\/\/www.culture-relations.net\/fr\/intercultural-competence\/communication-interculturelle\/","title":{"rendered":"Communication interculturelle"},"content":{"rendered":"\n<div class=\"wp-block-group has-neutral-background-color has-background has-global-padding is-layout-constrained wp-container-core-group-is-layout-800f937d wp-block-group-is-layout-constrained\" style=\"margin-bottom:var(--wp--preset--spacing--30);padding-top:var(--wp--preset--spacing--40);padding-right:var(--wp--preset--spacing--40);padding-bottom:var(--wp--preset--spacing--40);padding-left:var(--wp--preset--spacing--40)\">\n<h2 class=\"wp-block-heading\">Communication sans fronti\u00e8res <\/h2>\n\n\n\n<blockquote class=\"wp-block-quote has-red-color has-text-color has-link-color wp-elements-e78c5e780d88889ae1332b01d288b102 is-layout-flow wp-block-quote-is-layout-flow\">\n<p>&#8221; La communication est culture \u2013 la culture est communication.&#8221; <\/p>\n<cite>&nbsp; &#8211; Edward T. Hall<\/cite><\/blockquote>\n\n\n\n<p>La communication interculturelle ne se limite pas \u00e0 l&#8217;\u00e9change de mots \u2014 il s&#8217;agit d&#8217;\u00e9changer du sens. Le succ\u00e8s ne d\u00e9pend pas de ce que vous dites, mais de votre capacit\u00e9 \u00e0 susciter la r\u00e9action souhait\u00e9e au-del\u00e0 des fronti\u00e8res culturelles.<\/p>\n<\/div>\n\n\n\n<h2 class=\"wp-block-heading\">Contexte et signification<\/h2>\n\n\n\n<div class=\"wp-block-columns is-layout-flex wp-container-core-columns-is-layout-28f84493 wp-block-columns-is-layout-flex\">\n<div class=\"wp-block-column is-layout-flow wp-block-column-is-layout-flow\" style=\"flex-basis:66.66%\">\n<p>Lors de ma premi\u00e8re mission au Niger, je commentais avec enthousiasme le &#8220;beau temps&#8221; lors des journ\u00e9es claires et ensoleill\u00e9es. Mes coll\u00e8gues locaux ne r\u00e9agissaient jamais. Des mois plus tard, quand la saison des pluies est arriv\u00e9e, ils ont commenc\u00e9 \u00e0 utiliser exactement la m\u00eame expression avec excitation. <br><br><strong>Le\u00e7on retenue 1<\/strong>: Dans le Sahel, &#8220;beau temps&#8221; signifie la pluie qui apporte la vie, pas le soleil. Le contexte change tout.<\/p>\n<\/div>\n\n\n\n<div class=\"wp-block-column is-layout-flow wp-block-column-is-layout-flow\" style=\"flex-basis:33.33%\">\n<figure class=\"wp-block-image size-large\"><img loading=\"lazy\" decoding=\"async\" width=\"1024\" height=\"634\" src=\"https:\/\/www.culture-relations.net\/wp-content\/uploads\/2025\/05\/IC_Comm_01_F-1024x634.png\" alt=\"\" class=\"wp-image-7390\" srcset=\"https:\/\/www.culture-relations.net\/wp-content\/uploads\/2025\/05\/IC_Comm_01_F-1024x634.png 1024w, https:\/\/www.culture-relations.net\/wp-content\/uploads\/2025\/05\/IC_Comm_01_F-350x217.png 350w, https:\/\/www.culture-relations.net\/wp-content\/uploads\/2025\/05\/IC_Comm_01_F-768x476.png 768w, https:\/\/www.culture-relations.net\/wp-content\/uploads\/2025\/05\/IC_Comm_01_F-1536x952.png 1536w, https:\/\/www.culture-relations.net\/wp-content\/uploads\/2025\/05\/IC_Comm_01_F.png 1998w\" sizes=\"auto, (max-width: 1024px) 100vw, 1024px\" \/><\/figure>\n<\/div>\n<\/div>\n\n\n\n<h2 class=\"wp-block-heading\">Lire entre les lignes<\/h2>\n\n\n\n<div class=\"wp-block-columns is-layout-flex wp-container-core-columns-is-layout-28f84493 wp-block-columns-is-layout-flex\">\n<div class=\"wp-block-column is-layout-flow wp-block-column-is-layout-flow\" style=\"flex-basis:33.33%\">\n<figure class=\"wp-block-image size-large is-resized\"><img loading=\"lazy\" decoding=\"async\" width=\"1024\" height=\"748\" src=\"https:\/\/www.culture-relations.net\/wp-content\/uploads\/2025\/05\/IC_Comm_02_-1024x748.png\" alt=\"\" class=\"wp-image-7382\" style=\"width:290px;height:auto\" srcset=\"https:\/\/www.culture-relations.net\/wp-content\/uploads\/2025\/05\/IC_Comm_02_-1024x748.png 1024w, https:\/\/www.culture-relations.net\/wp-content\/uploads\/2025\/05\/IC_Comm_02_-350x256.png 350w, https:\/\/www.culture-relations.net\/wp-content\/uploads\/2025\/05\/IC_Comm_02_-768x561.png 768w, https:\/\/www.culture-relations.net\/wp-content\/uploads\/2025\/05\/IC_Comm_02_.png 1451w\" sizes=\"auto, (max-width: 1024px) 100vw, 1024px\" \/><\/figure>\n<\/div>\n\n\n\n<div class=\"wp-block-column is-layout-flow wp-block-column-is-layout-flow\" style=\"flex-basis:66.66%\">\n<p><br>Lorsque les villageois nig\u00e9riens m&#8217;ont dit de &#8220;couper l&#8217;herbe&#8221; autour de ma hutte, j&#8217;ai ignor\u00e9 leur conseil, appr\u00e9ciant mon nouvel &#8220;espace vert&#8221; g\u00e9n\u00e9r\u00e9 par l\u2019arriv\u00e9e de la pluie. Je n&#8217;ai compris l&#8217;urgence qu&#8217;apr\u00e8s avoir d\u00e9couvert un serpent \u00e0 ma porte. Ils s&#8217;attendaient \u00e0 ce que je comprenne l&#8217;avertissement implicite sans avoir \u00e0 pr\u00e9ciser que &#8220;l&#8217;herbe attire les serpents&#8221;.<\/p>\n\n\n\n<p>Ce jour-l\u00e0, j\u2019ai compris que <em>ce qui n\u2019est pas dit<\/em> peut compter tout autant que <em>ce qui est dit<\/em>.<\/p>\n<\/div>\n<\/div>\n\n\n\n<h2 class=\"wp-block-heading\">Communication directe vs indirecte<\/h2>\n\n\n\n<div class=\"wp-block-columns is-layout-flex wp-container-core-columns-is-layout-28f84493 wp-block-columns-is-layout-flex\">\n<div class=\"wp-block-column is-layout-flow wp-block-column-is-layout-flow\" style=\"flex-basis:66.66%\">\n<ul class=\"wp-block-list\">\n<li>En <strong>Suisse<\/strong>, la clart\u00e9 et la pr\u00e9cision sont privil\u00e9gi\u00e9e \u2014 Se concentrent sur CE qui est dit.<br><\/li>\n\n\n\n<li>Au <strong>Niger<\/strong>, les messages sont envelopp\u00e9s dans le contexte \u2014 Se concentrent sur la FA\u00c7ON dont c&#8217;est dit.<\/li>\n<\/ul>\n<\/div>\n\n\n\n<div class=\"wp-block-column is-layout-flow wp-block-column-is-layout-flow\" style=\"flex-basis:33.33%\">\n<figure class=\"wp-block-image size-large is-resized\"><img loading=\"lazy\" decoding=\"async\" width=\"1024\" height=\"639\" src=\"https:\/\/www.culture-relations.net\/wp-content\/uploads\/2025\/05\/A_00.06_Logo_Services_F_D_E-1024x639.png\" alt=\"\" class=\"wp-image-7593\" style=\"width:215px;height:auto\" srcset=\"https:\/\/www.culture-relations.net\/wp-content\/uploads\/2025\/05\/A_00.06_Logo_Services_F_D_E-1024x639.png 1024w, https:\/\/www.culture-relations.net\/wp-content\/uploads\/2025\/05\/A_00.06_Logo_Services_F_D_E-350x218.png 350w, https:\/\/www.culture-relations.net\/wp-content\/uploads\/2025\/05\/A_00.06_Logo_Services_F_D_E-768x479.png 768w, https:\/\/www.culture-relations.net\/wp-content\/uploads\/2025\/05\/A_00.06_Logo_Services_F_D_E.png 1315w\" sizes=\"auto, (max-width: 1024px) 100vw, 1024px\" \/><\/figure>\n<\/div>\n<\/div>\n\n\n\n<h2 class=\"wp-block-heading\">Pi\u00e8ges de Communication<\/h2>\n\n\n\n<p>M\u00eame avec les meilleures intentions, la communication interculturelle fait face \u00e0 des d\u00e9fis :<\/p>\n\n\n\n<div class=\"wp-block-columns is-layout-flex wp-container-core-columns-is-layout-28f84493 wp-block-columns-is-layout-flex\">\n<div class=\"wp-block-column is-layout-flow wp-block-column-is-layout-flow\" style=\"flex-basis:30%\">\n<figure class=\"wp-block-image size-large\"><img loading=\"lazy\" decoding=\"async\" width=\"1024\" height=\"731\" src=\"https:\/\/www.culture-relations.net\/wp-content\/uploads\/2025\/05\/IC_Communication_5-1024x731.png\" alt=\"\" class=\"wp-image-7596\" srcset=\"https:\/\/www.culture-relations.net\/wp-content\/uploads\/2025\/05\/IC_Communication_5-1024x731.png 1024w, https:\/\/www.culture-relations.net\/wp-content\/uploads\/2025\/05\/IC_Communication_5-350x250.png 350w, https:\/\/www.culture-relations.net\/wp-content\/uploads\/2025\/05\/IC_Communication_5-768x548.png 768w, https:\/\/www.culture-relations.net\/wp-content\/uploads\/2025\/05\/IC_Communication_5.png 1417w\" sizes=\"auto, (max-width: 1024px) 100vw, 1024px\" \/><\/figure>\n<\/div>\n\n\n\n<div class=\"wp-block-column is-layout-flow wp-block-column-is-layout-flow\" style=\"flex-basis:70%\">\n<ul class=\"wp-block-list\">\n<li><strong>Nuances linguistiques :<\/strong> Un coll\u00e8gue europ\u00e9en a dit \u00e0 son directeur am\u00e9ricain qu&#8217;il travaillait &#8220;hardly&#8221; (&nbsp;\u00e0 peine&nbsp;) sur un projet, alors qu&#8217;il voulait dire qu&#8217;il y &#8220;travaillait dur&#8221; (\u00ab&nbsp;hard&nbsp;\u00bb).<\/li>\n\n\n\n<li><strong>Courtoisies culturelles :<\/strong> Utilise-t-on &#8220;Madame Dupont&#8221;, &#8220;Ch\u00e8re Marie&#8221;, ou simplement &#8220;Salut&#8221; dans la communication professionnelle ?<\/li>\n\n\n\n<li><strong>Transmission du message :<\/strong> La franchise est-elle valoris\u00e9e comme honn\u00eatet\u00e9 ou per\u00e7ue comme de la rudesse ?<\/li>\n<\/ul>\n<\/div>\n<\/div>\n\n\n\n<div class=\"wp-block-group has-global-padding is-layout-constrained wp-block-group-is-layout-constrained\">\n<div style=\"height:49px\" aria-hidden=\"true\" class=\"wp-block-spacer\"><\/div>\n\n\n\n<p class=\"has-very-light-gray-background-color has-background\">\u2192 La capacit\u00e9 \u00e0 naviguer entre diff\u00e9rents styles de communication n&#8217;est pas seulement une comp\u00e9tence professionnelle \u2014 c&#8217;est la porte d&#8217;entr\u00e9e vers une connexion humaine authentique par-del\u00e0 les fronti\u00e8res culturelles.<\/p>\n\n\n\n<hr class=\"wp-block-separator has-css-opacity\"\/>\n\n\n\n<p class=\"has-small-font-size\">* Edward T. Hall, Jr., anthropologue am\u00e9ricain et sp\u00e9cialiste de l&#8217;interculturel.<\/p>\n<\/div>\n\n\n\n<p><\/p>\n","protected":false},"excerpt":{"rendered":"<p>Communication sans fronti\u00e8res &#8221; La communication est culture \u2013 la culture est communication.&#8221; La communication interculturelle ne se limite pas \u00e0 l&#8217;\u00e9change de mots \u2014 il s&#8217;agit d&#8217;\u00e9changer du sens. Le succ\u00e8s ne d\u00e9pend pas de ce que vous dites, mais de votre capacit\u00e9 \u00e0 susciter la r\u00e9action souhait\u00e9e au-del\u00e0 des fronti\u00e8res culturelles. Contexte et [&hellip;]<\/p>\n","protected":false},"author":1,"featured_media":0,"parent":902,"menu_order":0,"comment_status":"closed","ping_status":"closed","template":"content-pages-IC.php","meta":{"_genesis_hide_title":false,"_genesis_hide_breadcrumbs":false,"_genesis_hide_singular_image":false,"_genesis_hide_footer_widgets":false,"_genesis_custom_body_class":"","_genesis_custom_post_class":"","_genesis_layout":"","footnotes":""},"class_list":{"0":"post-2160","1":"page","2":"type-page","3":"status-publish","5":"entry"},"_links":{"self":[{"href":"https:\/\/www.culture-relations.net\/fr\/wp-json\/wp\/v2\/pages\/2160","targetHints":{"allow":["GET"]}}],"collection":[{"href":"https:\/\/www.culture-relations.net\/fr\/wp-json\/wp\/v2\/pages"}],"about":[{"href":"https:\/\/www.culture-relations.net\/fr\/wp-json\/wp\/v2\/types\/page"}],"author":[{"embeddable":true,"href":"https:\/\/www.culture-relations.net\/fr\/wp-json\/wp\/v2\/users\/1"}],"replies":[{"embeddable":true,"href":"https:\/\/www.culture-relations.net\/fr\/wp-json\/wp\/v2\/comments?post=2160"}],"version-history":[{"count":7,"href":"https:\/\/www.culture-relations.net\/fr\/wp-json\/wp\/v2\/pages\/2160\/revisions"}],"predecessor-version":[{"id":7600,"href":"https:\/\/www.culture-relations.net\/fr\/wp-json\/wp\/v2\/pages\/2160\/revisions\/7600"}],"up":[{"embeddable":true,"href":"https:\/\/www.culture-relations.net\/fr\/wp-json\/wp\/v2\/pages\/902"}],"wp:attachment":[{"href":"https:\/\/www.culture-relations.net\/fr\/wp-json\/wp\/v2\/media?parent=2160"}],"curies":[{"name":"wp","href":"https:\/\/api.w.org\/{rel}","templated":true}]}}

<div class="wp-block-group has-neutral-background-color has-background has-global-padding is-layout-constrained wp-container-core-group-is-layout-800f937d wp-block-group-is-layout-constrained" style="margin-bottom:var(--wp--preset--spacing--30);padding-top:var(--wp--preset--spacing--40);padding-right:var(--wp--preset--spacing--40);padding-bottom:var(--wp--preset--spacing--40);padding-left:var(--wp--preset--spacing--40)">
<h2 class="wp-block-heading">Communication sans frontières </h2>



<blockquote class="wp-block-quote has-red-color has-text-color has-link-color wp-elements-e78c5e780d88889ae1332b01d288b102 is-layout-flow wp-block-quote-is-layout-flow">
<p>&#8221; La communication est culture – la culture est communication.&#8221; </p>
<cite>&nbsp; &#8211; Edward T. Hall</cite></blockquote>



<p>La communication interculturelle ne se limite pas à l&#8217;échange de mots — il s&#8217;agit d&#8217;échanger du sens. Le succès ne dépend pas de ce que vous dites, mais de votre capacité à susciter la réaction souhaitée au-delà des frontières culturelles.</p>
</div>



<h2 class="wp-block-heading">Contexte et signification</h2>



<div class="wp-block-columns is-layout-flex wp-container-core-columns-is-layout-28f84493 wp-block-columns-is-layout-flex">
<div class="wp-block-column is-layout-flow wp-block-column-is-layout-flow" style="flex-basis:66.66%">
<p>Lors de ma première mission au Niger, je commentais avec enthousiasme le &#8220;beau temps&#8221; lors des journées claires et ensoleillées. Mes collègues locaux ne réagissaient jamais. Des mois plus tard, quand la saison des pluies est arrivée, ils ont commencé à utiliser exactement la même expression avec excitation. <br><br><strong>Leçon retenue 1</strong>: Dans le Sahel, &#8220;beau temps&#8221; signifie la pluie qui apporte la vie, pas le soleil. Le contexte change tout.</p>
</div>



<div class="wp-block-column is-layout-flow wp-block-column-is-layout-flow" style="flex-basis:33.33%">
<figure class="wp-block-image size-large"><img loading="lazy" decoding="async" width="1024" height="634" src="https://www.culture-relations.net/wp-content/uploads/2025/05/IC_Comm_01_F-1024x634.png" alt="" class="wp-image-7390" srcset="https://www.culture-relations.net/wp-content/uploads/2025/05/IC_Comm_01_F-1024x634.png 1024w, https://www.culture-relations.net/wp-content/uploads/2025/05/IC_Comm_01_F-350x217.png 350w, https://www.culture-relations.net/wp-content/uploads/2025/05/IC_Comm_01_F-768x476.png 768w, https://www.culture-relations.net/wp-content/uploads/2025/05/IC_Comm_01_F-1536x952.png 1536w, https://www.culture-relations.net/wp-content/uploads/2025/05/IC_Comm_01_F.png 1998w" sizes="auto, (max-width: 1024px) 100vw, 1024px" /></figure>
</div>
</div>



<h2 class="wp-block-heading">Lire entre les lignes</h2>



<div class="wp-block-columns is-layout-flex wp-container-core-columns-is-layout-28f84493 wp-block-columns-is-layout-flex">
<div class="wp-block-column is-layout-flow wp-block-column-is-layout-flow" style="flex-basis:33.33%">
<figure class="wp-block-image size-large is-resized"><img loading="lazy" decoding="async" width="1024" height="748" src="https://www.culture-relations.net/wp-content/uploads/2025/05/IC_Comm_02_-1024x748.png" alt="" class="wp-image-7382" style="width:290px;height:auto" srcset="https://www.culture-relations.net/wp-content/uploads/2025/05/IC_Comm_02_-1024x748.png 1024w, https://www.culture-relations.net/wp-content/uploads/2025/05/IC_Comm_02_-350x256.png 350w, https://www.culture-relations.net/wp-content/uploads/2025/05/IC_Comm_02_-768x561.png 768w, https://www.culture-relations.net/wp-content/uploads/2025/05/IC_Comm_02_.png 1451w" sizes="auto, (max-width: 1024px) 100vw, 1024px" /></figure>
</div>



<div class="wp-block-column is-layout-flow wp-block-column-is-layout-flow" style="flex-basis:66.66%">
<p><br>Lorsque les villageois nigériens m&#8217;ont dit de &#8220;couper l&#8217;herbe&#8221; autour de ma hutte, j&#8217;ai ignoré leur conseil, appréciant mon nouvel &#8220;espace vert&#8221; généré par l’arrivée de la pluie. Je n&#8217;ai compris l&#8217;urgence qu&#8217;après avoir découvert un serpent à ma porte. Ils s&#8217;attendaient à ce que je comprenne l&#8217;avertissement implicite sans avoir à préciser que &#8220;l&#8217;herbe attire les serpents&#8221;.</p>



<p>Ce jour-là, j’ai compris que <em>ce qui n’est pas dit</em> peut compter tout autant que <em>ce qui est dit</em>.</p>
</div>
</div>



<h2 class="wp-block-heading">Communication directe vs indirecte</h2>



<div class="wp-block-columns is-layout-flex wp-container-core-columns-is-layout-28f84493 wp-block-columns-is-layout-flex">
<div class="wp-block-column is-layout-flow wp-block-column-is-layout-flow" style="flex-basis:66.66%">
<ul class="wp-block-list">
<li>En <strong>Suisse</strong>, la clarté et la précision sont privilégiée — Se concentrent sur CE qui est dit.<br></li>



<li>Au <strong>Niger</strong>, les messages sont enveloppés dans le contexte — Se concentrent sur la FAÇON dont c&#8217;est dit.</li>
</ul>
</div>



<div class="wp-block-column is-layout-flow wp-block-column-is-layout-flow" style="flex-basis:33.33%">
<figure class="wp-block-image size-large is-resized"><img loading="lazy" decoding="async" width="1024" height="639" src="https://www.culture-relations.net/wp-content/uploads/2025/05/A_00.06_Logo_Services_F_D_E-1024x639.png" alt="" class="wp-image-7593" style="width:215px;height:auto" srcset="https://www.culture-relations.net/wp-content/uploads/2025/05/A_00.06_Logo_Services_F_D_E-1024x639.png 1024w, https://www.culture-relations.net/wp-content/uploads/2025/05/A_00.06_Logo_Services_F_D_E-350x218.png 350w, https://www.culture-relations.net/wp-content/uploads/2025/05/A_00.06_Logo_Services_F_D_E-768x479.png 768w, https://www.culture-relations.net/wp-content/uploads/2025/05/A_00.06_Logo_Services_F_D_E.png 1315w" sizes="auto, (max-width: 1024px) 100vw, 1024px" /></figure>
</div>
</div>



<h2 class="wp-block-heading">Pièges de Communication</h2>



<p>Même avec les meilleures intentions, la communication interculturelle fait face à des défis :</p>



<div class="wp-block-columns is-layout-flex wp-container-core-columns-is-layout-28f84493 wp-block-columns-is-layout-flex">
<div class="wp-block-column is-layout-flow wp-block-column-is-layout-flow" style="flex-basis:30%">
<figure class="wp-block-image size-large"><img loading="lazy" decoding="async" width="1024" height="731" src="https://www.culture-relations.net/wp-content/uploads/2025/05/IC_Communication_5-1024x731.png" alt="" class="wp-image-7596" srcset="https://www.culture-relations.net/wp-content/uploads/2025/05/IC_Communication_5-1024x731.png 1024w, https://www.culture-relations.net/wp-content/uploads/2025/05/IC_Communication_5-350x250.png 350w, https://www.culture-relations.net/wp-content/uploads/2025/05/IC_Communication_5-768x548.png 768w, https://www.culture-relations.net/wp-content/uploads/2025/05/IC_Communication_5.png 1417w" sizes="auto, (max-width: 1024px) 100vw, 1024px" /></figure>
</div>



<div class="wp-block-column is-layout-flow wp-block-column-is-layout-flow" style="flex-basis:70%">
<ul class="wp-block-list">
<li><strong>Nuances linguistiques :</strong> Un collègue européen a dit à son directeur américain qu&#8217;il travaillait &#8220;hardly&#8221; (&nbsp;à peine&nbsp;) sur un projet, alors qu&#8217;il voulait dire qu&#8217;il y &#8220;travaillait dur&#8221; («&nbsp;hard&nbsp;»).</li>



<li><strong>Courtoisies culturelles :</strong> Utilise-t-on &#8220;Madame Dupont&#8221;, &#8220;Chère Marie&#8221;, ou simplement &#8220;Salut&#8221; dans la communication professionnelle ?</li>



<li><strong>Transmission du message :</strong> La franchise est-elle valorisée comme honnêteté ou perçue comme de la rudesse ?</li>
</ul>
</div>
</div>



<div class="wp-block-group has-global-padding is-layout-constrained wp-block-group-is-layout-constrained">
<div style="height:49px" aria-hidden="true" class="wp-block-spacer"></div>



<p class="has-very-light-gray-background-color has-background">→ La capacité à naviguer entre différents styles de communication n&#8217;est pas seulement une compétence professionnelle — c&#8217;est la porte d&#8217;entrée vers une connexion humaine authentique par-delà les frontières culturelles.</p>



<hr class="wp-block-separator has-css-opacity"/>



<p class="has-small-font-size">* Edward T. Hall, Jr., anthropologue américain et spécialiste de l&#8217;interculturel.</p>
</div>



<p></p>

<p>Communication sans frontières &#8221; La communication est culture – la culture est communication.&#8221; La communication interculturelle ne se limite pas à l&#8217;échange de mots — il s&#8217;agit d&#8217;échanger du sens. Le succès ne dépend pas de ce que vous dites, mais de votre capacité à susciter la réaction souhaitée au-delà des frontières culturelles. Contexte et [&hellip;]</p>
