{"id":2471,"date":"2018-03-22T09:45:51","date_gmt":"2018-03-22T08:45:51","guid":{"rendered":"https:\/\/www.culture-relations.net\/developpement-organisation\/change-is-changing-requesting-vision-intelligence-courage-agility\/"},"modified":"2025-05-20T15:06:16","modified_gmt":"2025-05-20T13:06:16","slug":"accompagner-la-transformation","status":"publish","type":"page","link":"https:\/\/www.culture-relations.net\/fr\/developpement-organisation\/accompagner-la-transformation\/","title":{"rendered":"Accompagner la transformation"},"content":{"rendered":"\n<div class=\"wp-block-group has-global-padding is-layout-constrained wp-block-group-is-layout-constrained\">\n<h3 class=\"wp-block-heading has-yellow-color has-text-color has-link-color wp-elements-cc8c559bb76a3da67d9113adb3250846\"><strong><strong>Accompagner le changement de l\u2019int\u00e9rieur<\/strong><\/strong><\/h3>\n\n\n\n<div style=\"height:var(--wp--preset--spacing--30)\" aria-hidden=\"true\" class=\"wp-block-spacer\"><\/div>\n\n\n\n<p class=\"has-neutral-background-color has-background\"><strong><strong>Le v\u00e9ritable d\u00e9fi n\u2019est pas le changement \u2014 mais la mani\u00e8re dont il est conduit.<\/strong><\/strong><br><br>Dans toute transformation, ce n\u2019est pas uniquement la strat\u00e9gie qui compte \u2014 ce sont les personnes qui la rendent possible.<br>Le changement est la destination. Mais c\u2019est la <strong>transition<\/strong> \u2014 ce chemin humain du connu (A) vers le nouveau (B) \u2014 qui d\u00e9termine r\u00e9ellement le succ\u00e8s.<\/p>\n\n\n\n<h2 class=\"wp-block-heading\">Les \u00e9quipes ne r\u00e9sistent pas au changement en soi &#8230;<\/h2>\n\n\n\n<div class=\"wp-block-columns is-layout-flex wp-container-core-columns-is-layout-28f84493 wp-block-columns-is-layout-flex\">\n<div class=\"wp-block-column is-layout-flow wp-block-column-is-layout-flow\">\n<p class=\"has-text-align-center\"><strong>Ce \u00e0 quoi ils r\u00e9sistent, c\u2019est<\/strong>: <\/p>\n\n\n\n<ul class=\"wp-block-list\">\n<li>L\u2019<strong>incertitude<\/strong><\/li>\n\n\n\n<li>Le manque de <strong>clart\u00e9<\/strong><\/li>\n\n\n\n<li>Le sentiment de ne <strong>pas \u00eatre \u00e9cout\u00e9s<\/strong> ou pris en compte<\/li>\n<\/ul>\n\n\n\n<figure class=\"wp-block-image aligncenter size-large is-resized\"><img loading=\"lazy\" decoding=\"async\" width=\"1024\" height=\"894\" src=\"https:\/\/www.culture-relations.net\/wp-content\/uploads\/2025\/05\/Change_1-1024x894.png\" alt=\"\" class=\"wp-image-7741\" style=\"width:280px;height:auto\" srcset=\"https:\/\/www.culture-relations.net\/wp-content\/uploads\/2025\/05\/Change_1-1024x894.png 1024w, https:\/\/www.culture-relations.net\/wp-content\/uploads\/2025\/05\/Change_1-350x306.png 350w, https:\/\/www.culture-relations.net\/wp-content\/uploads\/2025\/05\/Change_1-768x671.png 768w, https:\/\/www.culture-relations.net\/wp-content\/uploads\/2025\/05\/Change_1-1536x1342.png 1536w, https:\/\/www.culture-relations.net\/wp-content\/uploads\/2025\/05\/Change_1.png 1581w\" sizes=\"auto, (max-width: 1024px) 100vw, 1024px\" \/><\/figure>\n<\/div>\n\n\n\n<div class=\"wp-block-column is-layout-flow wp-block-column-is-layout-flow\">\n<p class=\"has-text-align-center\"><strong><strong>Ce dont-ils ont besoin, c&#8217;est: <\/strong><\/strong><\/p>\n\n\n\n<ul class=\"wp-block-list\">\n<li>Une <strong>vision <\/strong>partag\u00e9e, coh\u00e9rente et inspirante<\/li>\n\n\n\n<li>Une <strong>communication <\/strong>claire et honn\u00eate<\/li>\n\n\n\n<li>Une <strong>implication r\u00e9elle <\/strong>des personnes concern\u00e9es<\/li>\n<\/ul>\n\n\n\n<figure class=\"wp-block-image aligncenter size-large is-resized\"><img loading=\"lazy\" decoding=\"async\" width=\"1024\" height=\"968\" src=\"https:\/\/www.culture-relations.net\/wp-content\/uploads\/2025\/05\/Change_2-1024x968.png\" alt=\"\" class=\"wp-image-7762\" style=\"width:238px;height:auto\" srcset=\"https:\/\/www.culture-relations.net\/wp-content\/uploads\/2025\/05\/Change_2-1024x968.png 1024w, https:\/\/www.culture-relations.net\/wp-content\/uploads\/2025\/05\/Change_2-350x331.png 350w, https:\/\/www.culture-relations.net\/wp-content\/uploads\/2025\/05\/Change_2-768x726.png 768w, https:\/\/www.culture-relations.net\/wp-content\/uploads\/2025\/05\/Change_2.png 1436w\" sizes=\"auto, (max-width: 1024px) 100vw, 1024px\" \/><\/figure>\n<\/div>\n<\/div>\n\n\n\n<div style=\"height:49px\" aria-hidden=\"true\" class=\"wp-block-spacer\"><\/div>\n\n\n\n<p>Nous ne pouvons pas imposer pas le changement. Nous pouvons <strong>accompager la transformation<\/strong> \u2014 en aidant les individus, les \u00e9quipes et les organisations \u00e0 donner du sens \u00e0 l\u2019\u00e9volution et \u00e0 y trouver leur place.<\/p>\n\n\n\n<h2 class=\"wp-block-heading\">Une approche humaine de la transformation<\/h2>\n\n\n\n<p>Mon accompagnement s\u2019appuie sur des fondements th\u00e9oriques solides et des outils concrets, con\u00e7us pour engager et mobiliser les \u00e9quipes tout au long du processus de changement.<\/p>\n\n\n\n<p>Parmi les approches mobilis\u00e9es :<\/p>\n\n\n\n<ul class=\"wp-block-list\">\n<li><strong>L\u2019Interaction Centr\u00e9e sur le Th\u00e8me (ICT)<\/strong> \u2014 pour \u00e9quilibrer les dynamiques individuelles, collectives et organisationnelles<\/li>\n\n\n\n<li><strong>L\u2019Appreciative Inquiry<\/strong> \u2014 pour valoriser les forces existantes et construire un sens partag\u00e9<\/li>\n\n\n\n<li><strong>La Fresque du Changement\u00a9<\/strong> \u2014 un outil visuel et immersif pour explorer les transformations de mani\u00e8re collaborative et constructive<\/li>\n<\/ul>\n\n\n\n<p>Ces d\u00e9marches permettent d\u2019identifier les <strong>v\u00e9ritables leviers de transformation<\/strong> \u2014 au-del\u00e0 des processus ou des structures \u2014 et d\u2019inviter les \u00e9quipes \u00e0 <strong>co-construire un changement porteur de sens et durable<\/strong>.<\/p>\n\n\n\n<figure class=\"wp-block-image aligncenter size-large is-resized\"><img loading=\"lazy\" decoding=\"async\" width=\"1024\" height=\"617\" src=\"https:\/\/www.culture-relations.net\/wp-content\/uploads\/2025\/05\/Change_3-1024x617.png\" alt=\"\" class=\"wp-image-7774\" style=\"width:357px;height:auto\" srcset=\"https:\/\/www.culture-relations.net\/wp-content\/uploads\/2025\/05\/Change_3-1024x617.png 1024w, https:\/\/www.culture-relations.net\/wp-content\/uploads\/2025\/05\/Change_3-350x211.png 350w, https:\/\/www.culture-relations.net\/wp-content\/uploads\/2025\/05\/Change_3-768x463.png 768w, https:\/\/www.culture-relations.net\/wp-content\/uploads\/2025\/05\/Change_3-1536x926.png 1536w, https:\/\/www.culture-relations.net\/wp-content\/uploads\/2025\/05\/Change_3.png 1597w\" sizes=\"auto, (max-width: 1024px) 100vw, 1024px\" \/><\/figure>\n\n\n\n<p class=\"has-neutral-background-color has-background\">\u2192 Lorsque les personnes comprennent, s\u2019impliquent et contribuent d\u00e8s le d\u00e9part au changement, il n&#8217;est plus subi \u2014 il devient <strong>un voyage partag\u00e9<\/strong>.<\/p>\n<\/div>\n","protected":false},"excerpt":{"rendered":"<p>Accompagner le changement de l\u2019int\u00e9rieur Le v\u00e9ritable d\u00e9fi n\u2019est pas le changement \u2014 mais la mani\u00e8re dont il est conduit. Dans toute transformation, ce n\u2019est pas uniquement la strat\u00e9gie qui compte \u2014 ce sont les personnes qui la rendent possible.Le changement est la destination. Mais c\u2019est la transition \u2014 ce chemin humain du connu (A) [&hellip;]<\/p>\n","protected":false},"author":1,"featured_media":0,"parent":1082,"menu_order":0,"comment_status":"closed","ping_status":"closed","template":"content-pages-OD.php","meta":{"_genesis_hide_title":false,"_genesis_hide_breadcrumbs":false,"_genesis_hide_singular_image":false,"_genesis_hide_footer_widgets":false,"_genesis_custom_body_class":"","_genesis_custom_post_class":"","_genesis_layout":"","footnotes":""},"class_list":{"0":"post-2471","1":"page","2":"type-page","3":"status-publish","5":"entry"},"_links":{"self":[{"href":"https:\/\/www.culture-relations.net\/fr\/wp-json\/wp\/v2\/pages\/2471","targetHints":{"allow":["GET"]}}],"collection":[{"href":"https:\/\/www.culture-relations.net\/fr\/wp-json\/wp\/v2\/pages"}],"about":[{"href":"https:\/\/www.culture-relations.net\/fr\/wp-json\/wp\/v2\/types\/page"}],"author":[{"embeddable":true,"href":"https:\/\/www.culture-relations.net\/fr\/wp-json\/wp\/v2\/users\/1"}],"replies":[{"embeddable":true,"href":"https:\/\/www.culture-relations.net\/fr\/wp-json\/wp\/v2\/comments?post=2471"}],"version-history":[{"count":4,"href":"https:\/\/www.culture-relations.net\/fr\/wp-json\/wp\/v2\/pages\/2471\/revisions"}],"predecessor-version":[{"id":7825,"href":"https:\/\/www.culture-relations.net\/fr\/wp-json\/wp\/v2\/pages\/2471\/revisions\/7825"}],"up":[{"embeddable":true,"href":"https:\/\/www.culture-relations.net\/fr\/wp-json\/wp\/v2\/pages\/1082"}],"wp:attachment":[{"href":"https:\/\/www.culture-relations.net\/fr\/wp-json\/wp\/v2\/media?parent=2471"}],"curies":[{"name":"wp","href":"https:\/\/api.w.org\/{rel}","templated":true}]}}

<div class="wp-block-group has-global-padding is-layout-constrained wp-block-group-is-layout-constrained">
<h3 class="wp-block-heading has-yellow-color has-text-color has-link-color wp-elements-cc8c559bb76a3da67d9113adb3250846"><strong><strong>Accompagner le changement de l’intérieur</strong></strong></h3>



<div style="height:var(--wp--preset--spacing--30)" aria-hidden="true" class="wp-block-spacer"></div>



<p class="has-neutral-background-color has-background"><strong><strong>Le véritable défi n’est pas le changement — mais la manière dont il est conduit.</strong></strong><br><br>Dans toute transformation, ce n’est pas uniquement la stratégie qui compte — ce sont les personnes qui la rendent possible.<br>Le changement est la destination. Mais c’est la <strong>transition</strong> — ce chemin humain du connu (A) vers le nouveau (B) — qui détermine réellement le succès.</p>



<h2 class="wp-block-heading">Les équipes ne résistent pas au changement en soi &#8230;</h2>



<div class="wp-block-columns is-layout-flex wp-container-core-columns-is-layout-28f84493 wp-block-columns-is-layout-flex">
<div class="wp-block-column is-layout-flow wp-block-column-is-layout-flow">
<p class="has-text-align-center"><strong>Ce à quoi ils résistent, c’est</strong>: </p>



<ul class="wp-block-list">
<li>L’<strong>incertitude</strong></li>



<li>Le manque de <strong>clarté</strong></li>



<li>Le sentiment de ne <strong>pas être écoutés</strong> ou pris en compte</li>
</ul>



<figure class="wp-block-image aligncenter size-large is-resized"><img loading="lazy" decoding="async" width="1024" height="894" src="https://www.culture-relations.net/wp-content/uploads/2025/05/Change_1-1024x894.png" alt="" class="wp-image-7741" style="width:280px;height:auto" srcset="https://www.culture-relations.net/wp-content/uploads/2025/05/Change_1-1024x894.png 1024w, https://www.culture-relations.net/wp-content/uploads/2025/05/Change_1-350x306.png 350w, https://www.culture-relations.net/wp-content/uploads/2025/05/Change_1-768x671.png 768w, https://www.culture-relations.net/wp-content/uploads/2025/05/Change_1-1536x1342.png 1536w, https://www.culture-relations.net/wp-content/uploads/2025/05/Change_1.png 1581w" sizes="auto, (max-width: 1024px) 100vw, 1024px" /></figure>
</div>



<div class="wp-block-column is-layout-flow wp-block-column-is-layout-flow">
<p class="has-text-align-center"><strong><strong>Ce dont-ils ont besoin, c&#8217;est: </strong></strong></p>



<ul class="wp-block-list">
<li>Une <strong>vision </strong>partagée, cohérente et inspirante</li>



<li>Une <strong>communication </strong>claire et honnête</li>



<li>Une <strong>implication réelle </strong>des personnes concernées</li>
</ul>



<figure class="wp-block-image aligncenter size-large is-resized"><img loading="lazy" decoding="async" width="1024" height="968" src="https://www.culture-relations.net/wp-content/uploads/2025/05/Change_2-1024x968.png" alt="" class="wp-image-7762" style="width:238px;height:auto" srcset="https://www.culture-relations.net/wp-content/uploads/2025/05/Change_2-1024x968.png 1024w, https://www.culture-relations.net/wp-content/uploads/2025/05/Change_2-350x331.png 350w, https://www.culture-relations.net/wp-content/uploads/2025/05/Change_2-768x726.png 768w, https://www.culture-relations.net/wp-content/uploads/2025/05/Change_2.png 1436w" sizes="auto, (max-width: 1024px) 100vw, 1024px" /></figure>
</div>
</div>



<div style="height:49px" aria-hidden="true" class="wp-block-spacer"></div>



<p>Nous ne pouvons pas imposer pas le changement. Nous pouvons <strong>accompager la transformation</strong> — en aidant les individus, les équipes et les organisations à donner du sens à l’évolution et à y trouver leur place.</p>



<h2 class="wp-block-heading">Une approche humaine de la transformation</h2>



<p>Mon accompagnement s’appuie sur des fondements théoriques solides et des outils concrets, conçus pour engager et mobiliser les équipes tout au long du processus de changement.</p>



<p>Parmi les approches mobilisées :</p>



<ul class="wp-block-list">
<li><strong>L’Interaction Centrée sur le Thème (ICT)</strong> — pour équilibrer les dynamiques individuelles, collectives et organisationnelles</li>



<li><strong>L’Appreciative Inquiry</strong> — pour valoriser les forces existantes et construire un sens partagé</li>



<li><strong>La Fresque du Changement©</strong> — un outil visuel et immersif pour explorer les transformations de manière collaborative et constructive</li>
</ul>



<p>Ces démarches permettent d’identifier les <strong>véritables leviers de transformation</strong> — au-delà des processus ou des structures — et d’inviter les équipes à <strong>co-construire un changement porteur de sens et durable</strong>.</p>



<figure class="wp-block-image aligncenter size-large is-resized"><img loading="lazy" decoding="async" width="1024" height="617" src="https://www.culture-relations.net/wp-content/uploads/2025/05/Change_3-1024x617.png" alt="" class="wp-image-7774" style="width:357px;height:auto" srcset="https://www.culture-relations.net/wp-content/uploads/2025/05/Change_3-1024x617.png 1024w, https://www.culture-relations.net/wp-content/uploads/2025/05/Change_3-350x211.png 350w, https://www.culture-relations.net/wp-content/uploads/2025/05/Change_3-768x463.png 768w, https://www.culture-relations.net/wp-content/uploads/2025/05/Change_3-1536x926.png 1536w, https://www.culture-relations.net/wp-content/uploads/2025/05/Change_3.png 1597w" sizes="auto, (max-width: 1024px) 100vw, 1024px" /></figure>



<p class="has-neutral-background-color has-background">→ Lorsque les personnes comprennent, s’impliquent et contribuent dès le départ au changement, il n&#8217;est plus subi — il devient <strong>un voyage partagé</strong>.</p>
</div>

<p>Accompagner le changement de l’intérieur Le véritable défi n’est pas le changement — mais la manière dont il est conduit. Dans toute transformation, ce n’est pas uniquement la stratégie qui compte — ce sont les personnes qui la rendent possible.Le changement est la destination. Mais c’est la transition — ce chemin humain du connu (A) [&hellip;]</p>
