{"id":2491,"date":"2018-05-16T17:26:17","date_gmt":"2018-05-16T15:26:17","guid":{"rendered":"https:\/\/www.culture-relations.net\/presence-leadership\/managing-oneself\/"},"modified":"2025-05-21T12:03:40","modified_gmt":"2025-05-21T10:03:40","slug":"se-gerer-soi-meme","status":"publish","type":"page","link":"https:\/\/www.culture-relations.net\/fr\/presence-leadership\/se-gerer-soi-meme\/","title":{"rendered":"Se g\u00e9rer soi-m\u00eame"},"content":{"rendered":"\n<div class=\"wp-block-group has-global-padding is-layout-constrained wp-block-group-is-layout-constrained\">\n<h3 class=\"wp-block-heading has-text-align-center has-green-color has-text-color has-link-color wp-elements-dedb23d6bc807c2eea2f484e366f8e19\"><strong><strong>Diriger les autres commence par savoir se diriger soi-m\u00eame<\/strong><\/strong><\/h3>\n\n\n\n<p class=\"has-neutral-background-color has-background\" style=\"margin-top:var(--wp--preset--spacing--20);margin-bottom:var(--wp--preset--spacing--20)\">Vous connaissez la m\u00e9taphore de l\u2019avion : <em>\u00ab Mettez d\u2019abord votre propre masque \u00e0 oxyg\u00e8ne. \u00bb<\/em> Ce n\u2019est pas de l\u2019\u00e9go\u00efsme, c\u2019est une n\u00e9cessit\u00e9. Dans un monde complexe, rapide et interconnect\u00e9, le leadership commence par la conscience de soi, la gestion de soi et une attention dirig\u00e9e avec intention.<br><br>Qu\u2019il s\u2019agisse de piloter des \u00e9quipes multiculturelles ou de g\u00e9rer le changement, la cl\u00e9 de l\u2019efficacit\u00e9 durable r\u00e9side dans la ma\u00eetrise de soi.<\/p>\n\n\n\n<blockquote class=\"wp-block-quote has-green-color has-text-color has-link-color wp-elements-4426f32d9b5c53ac75b1c57acfb030b2 is-layout-flow wp-block-quote-is-layout-flow\">\n<p>&#8221; On ne peut pas diriger les autres si l\u2019on ne sait pas d\u2019abord se diriger soi-m\u00eame.&#8221;<\/p>\n<cite>&#8211; Peter Drucker<\/cite><\/blockquote>\n\n\n\n<h2 class=\"wp-block-heading\">Les 5 Questions cl\u00e9s \u00e0 se poser r\u00e9guli\u00e8rement en tant que leader<\/h2>\n\n\n\n<figure class=\"wp-block-image aligncenter size-large is-resized\"><img loading=\"lazy\" decoding=\"async\" width=\"1024\" height=\"576\" src=\"https:\/\/www.culture-relations.net\/wp-content\/uploads\/2025\/05\/Peter_Drucker_-1024x576.png\" alt=\"\" class=\"wp-image-7853\" style=\"width:900px\" srcset=\"https:\/\/www.culture-relations.net\/wp-content\/uploads\/2025\/05\/Peter_Drucker_-1024x576.png 1024w, https:\/\/www.culture-relations.net\/wp-content\/uploads\/2025\/05\/Peter_Drucker_-350x197.png 350w, https:\/\/www.culture-relations.net\/wp-content\/uploads\/2025\/05\/Peter_Drucker_-768x432.png 768w\" sizes=\"auto, (max-width: 1024px) 100vw, 1024px\" \/><\/figure>\n\n\n\n<div style=\"height:21px\" aria-hidden=\"true\" class=\"wp-block-spacer\"><\/div>\n\n\n\n<div class=\"wp-block-columns is-layout-flex wp-container-core-columns-is-layout-28f84493 wp-block-columns-is-layout-flex\">\n<div class=\"wp-block-column is-layout-flow wp-block-column-is-layout-flow\">\n<p><strong><strong><strong>1. Quels sont mes points forts ?<\/strong><\/strong><\/strong><\/p>\n\n\n\n<p>Ne perdez pas de temps \u00e0 compenser vos faiblesses. Misez sur ce que vous faites bien, et capitalisez sur vos forces.<\/p>\n<\/div>\n\n\n\n<div class=\"wp-block-column is-layout-flow wp-block-column-is-layout-flow\">\n<p><strong><strong><strong>2. Comment est-ce que je fonctionne le mieux?  <\/strong><\/strong><br><\/strong>Connaissez votre mode de fonctionnement : comment vous communiquez, apprenez, prenez des d\u00e9cisions, atteignez vos objectifs. Ne luttez pas contre votre nature \u2013 optimisez-la.<\/p>\n<\/div>\n\n\n\n<div class=\"wp-block-column is-layout-flow wp-block-column-is-layout-flow\">\n<p><strong><strong>3. Quelles sont mes valeurs ?<\/strong><\/strong><br><br>Vos valeurs sont votre boussole. Travailler en coh\u00e9rence avec ce qui vous importe profond\u00e9ment renforce votre engagement et votre impact.<\/p>\n<\/div>\n\n\n\n<div class=\"wp-block-column is-layout-flow wp-block-column-is-layout-flow\">\n<p><strong><strong>4. O\u00f9 est ma juste place ?<\/strong><br><br><\/strong>Dans quels environnements donnez-vous le meilleur de vous-m\u00eame ? Et dans lesquels non ? <br>Le sentiment d\u2019appartenance nourrit la performance.<\/p>\n<\/div>\n\n\n\n<div class=\"wp-block-column is-layout-flow wp-block-column-is-layout-flow\">\n<p><strong><strong>5. Quelle est ma contribution ?<\/strong><\/strong><br><br>Le leadership ne d\u00e9pend pas d\u2019un poste, mais d\u2019un impact. Quelle diff\u00e9rence souhaitez-vous faire ? Comment pouvez-vous servir au mieux la mission ?<\/p>\n<\/div>\n<\/div>\n\n\n\n<blockquote class=\"wp-block-quote has-green-color has-text-color has-link-color wp-elements-8f51616c1c1a4208b627a55782a43df1 is-layout-flow wp-block-quote-is-layout-flow\">\n<p>&#8221; La r\u00e9ussite appartient \u00e0 ceux qui se connaissent : leurs forces, leurs valeurs et leur mode de fonctionnement.&#8221;<\/p>\n<cite>&#8211; Peter Drucker<\/cite><\/blockquote>\n\n\n\n<h2 class=\"wp-block-heading\">G\u00e9rer son attention \u00e0 l\u2019\u00e8re de la distraction<\/h2>\n\n\n\n<p>Dans un monde satur\u00e9 de sollicitations, <strong>l\u2019attention est votre ressource la plus pr\u00e9cieuse<\/strong>. <br>Il ne s\u2019agit pas de faire <strong>plus<\/strong>, mais de faire <strong>mieux <\/strong>\u2013 avec <strong>intention<\/strong>.<\/p>\n\n\n\n<blockquote class=\"wp-block-quote has-green-color has-text-color has-link-color wp-elements-0dbf4f67ec0a427e04aad3b704876860 is-layout-flow wp-block-quote-is-layout-flow\">\n<p>&#8221; Le secret de l\u2019efficacit\u00e9, c\u2019est la concentration.&#8221;<\/p>\n<cite>&#8211; Peter Drucker<\/cite><\/blockquote>\n\n\n\n<div class=\"wp-block-columns is-layout-flex wp-container-core-columns-is-layout-28f84493 wp-block-columns-is-layout-flex\">\n<div class=\"wp-block-column is-layout-flow wp-block-column-is-layout-flow\">\n<p><strong>Entra\u00eenez votre concentration.<\/strong><br><br>Priorisez ce qui compte vraiment. <br>Cr\u00e9ez de l\u2019espace pour penser et agir avec clart\u00e9. <br><br>C\u2019est ainsi que les leaders d\u2019aujourd\u2019hui maintiennent leur \u00e9nergie, leur lucidit\u00e9 et leur impact strat\u00e9gique.<\/p>\n<\/div>\n\n\n\n<div class=\"wp-block-column is-layout-flow wp-block-column-is-layout-flow\">\n<figure class=\"wp-block-image alignleft size-full is-resized\"><img loading=\"lazy\" decoding=\"async\" width=\"896\" height=\"931\" src=\"https:\/\/www.culture-relations.net\/wp-content\/uploads\/2025\/05\/Focus.png\" alt=\"\" class=\"wp-image-8034\" style=\"width:200px\" srcset=\"https:\/\/www.culture-relations.net\/wp-content\/uploads\/2025\/05\/Focus.png 896w, https:\/\/www.culture-relations.net\/wp-content\/uploads\/2025\/05\/Focus-337x350.png 337w, https:\/\/www.culture-relations.net\/wp-content\/uploads\/2025\/05\/Focus-768x798.png 768w\" sizes=\"auto, (max-width: 896px) 100vw, 896px\" \/><\/figure>\n<\/div>\n<\/div>\n\n\n\n<div style=\"height:44px\" aria-hidden=\"true\" class=\"wp-block-spacer\"><\/div>\n\n\n\n<h2 class=\"wp-block-heading\">La pr\u00e9sence en leadership commence par l&#8217;alignement int\u00e9rieur<\/h2>\n\n\n\n<div class=\"wp-block-columns is-layout-flex wp-container-core-columns-is-layout-28f84493 wp-block-columns-is-layout-flex\">\n<div class=\"wp-block-column is-layout-flow wp-block-column-is-layout-flow\">\n<figure class=\"wp-block-image alignright size-large is-resized\"><img loading=\"lazy\" decoding=\"async\" width=\"1024\" height=\"1016\" src=\"https:\/\/www.culture-relations.net\/wp-content\/uploads\/2025\/05\/self-question--1024x1016.png\" alt=\"\" class=\"wp-image-8039\" style=\"width:220px\" srcset=\"https:\/\/www.culture-relations.net\/wp-content\/uploads\/2025\/05\/self-question--1024x1016.png 1024w, https:\/\/www.culture-relations.net\/wp-content\/uploads\/2025\/05\/self-question--350x347.png 350w, https:\/\/www.culture-relations.net\/wp-content\/uploads\/2025\/05\/self-question--150x150.png 150w, https:\/\/www.culture-relations.net\/wp-content\/uploads\/2025\/05\/self-question--768x762.png 768w, https:\/\/www.culture-relations.net\/wp-content\/uploads\/2025\/05\/self-question-.png 1081w\" sizes=\"auto, (max-width: 1024px) 100vw, 1024px\" \/><\/figure>\n<\/div>\n\n\n\n<div class=\"wp-block-column is-layout-flow wp-block-column-is-layout-flow\">\n<p><br>L\u2019auto-leadership n\u2019est pas une comp\u00e9tence \u00ab douce \u00bb \u2013 c\u2019est une comp\u00e9tence strat\u00e9gique. Il s\u2019agit d\u2019incarner clart\u00e9, intention et pr\u00e9sence, dans tous les contextes.<\/p>\n\n\n\n<p>Et cela commence par cette question :<br><strong>Comment est-ce que je me dirige \u2013 aujourd\u2019hui ?<\/strong><\/p>\n<\/div>\n<\/div>\n\n\n\n<div style=\"height:89px\" aria-hidden=\"true\" class=\"wp-block-spacer\"><\/div>\n\n\n\n<hr class=\"wp-block-separator has-css-opacity\"\/>\n\n\n\n<p class=\"has-small-font-size\">* Peter F. Drucker (1909 \u2013 2005), Pionier du management moderne. <em>\u201cManaging Oneself \u201d, 2008; \u201cThe Effective Executive: The Definitive Guide to Getting the Right Things Done\u201d, 2006<\/em><\/p>\n<\/div>\n","protected":false},"excerpt":{"rendered":"<p>Diriger les autres commence par savoir se diriger soi-m\u00eame Vous connaissez la m\u00e9taphore de l\u2019avion : \u00ab Mettez d\u2019abord votre propre masque \u00e0 oxyg\u00e8ne. \u00bb Ce n\u2019est pas de l\u2019\u00e9go\u00efsme, c\u2019est une n\u00e9cessit\u00e9. Dans un monde complexe, rapide et interconnect\u00e9, le leadership commence par la conscience de soi, la gestion de soi et une attention [&hellip;]<\/p>\n","protected":false},"author":1,"featured_media":0,"parent":1075,"menu_order":0,"comment_status":"closed","ping_status":"closed","template":"content-pages-PL.php","meta":{"_genesis_hide_title":false,"_genesis_hide_breadcrumbs":false,"_genesis_hide_singular_image":false,"_genesis_hide_footer_widgets":false,"_genesis_custom_body_class":"","_genesis_custom_post_class":"","_genesis_layout":"","footnotes":""},"class_list":{"0":"post-2491","1":"page","2":"type-page","3":"status-publish","5":"entry"},"_links":{"self":[{"href":"https:\/\/www.culture-relations.net\/fr\/wp-json\/wp\/v2\/pages\/2491","targetHints":{"allow":["GET"]}}],"collection":[{"href":"https:\/\/www.culture-relations.net\/fr\/wp-json\/wp\/v2\/pages"}],"about":[{"href":"https:\/\/www.culture-relations.net\/fr\/wp-json\/wp\/v2\/types\/page"}],"author":[{"embeddable":true,"href":"https:\/\/www.culture-relations.net\/fr\/wp-json\/wp\/v2\/users\/1"}],"replies":[{"embeddable":true,"href":"https:\/\/www.culture-relations.net\/fr\/wp-json\/wp\/v2\/comments?post=2491"}],"version-history":[{"count":9,"href":"https:\/\/www.culture-relations.net\/fr\/wp-json\/wp\/v2\/pages\/2491\/revisions"}],"predecessor-version":[{"id":8078,"href":"https:\/\/www.culture-relations.net\/fr\/wp-json\/wp\/v2\/pages\/2491\/revisions\/8078"}],"up":[{"embeddable":true,"href":"https:\/\/www.culture-relations.net\/fr\/wp-json\/wp\/v2\/pages\/1075"}],"wp:attachment":[{"href":"https:\/\/www.culture-relations.net\/fr\/wp-json\/wp\/v2\/media?parent=2491"}],"curies":[{"name":"wp","href":"https:\/\/api.w.org\/{rel}","templated":true}]}}

Se gérer soi-même

<div class="wp-block-group has-global-padding is-layout-constrained wp-block-group-is-layout-constrained">
<h3 class="wp-block-heading has-text-align-center has-green-color has-text-color has-link-color wp-elements-dedb23d6bc807c2eea2f484e366f8e19"><strong><strong>Diriger les autres commence par savoir se diriger soi-même</strong></strong></h3>



<p class="has-neutral-background-color has-background" style="margin-top:var(--wp--preset--spacing--20);margin-bottom:var(--wp--preset--spacing--20)">Vous connaissez la métaphore de l’avion : <em>« Mettez d’abord votre propre masque à oxygène. »</em> Ce n’est pas de l’égoïsme, c’est une nécessité. Dans un monde complexe, rapide et interconnecté, le leadership commence par la conscience de soi, la gestion de soi et une attention dirigée avec intention.<br><br>Qu’il s’agisse de piloter des équipes multiculturelles ou de gérer le changement, la clé de l’efficacité durable réside dans la maîtrise de soi.</p>



<blockquote class="wp-block-quote has-green-color has-text-color has-link-color wp-elements-4426f32d9b5c53ac75b1c57acfb030b2 is-layout-flow wp-block-quote-is-layout-flow">
<p>&#8221; On ne peut pas diriger les autres si l’on ne sait pas d’abord se diriger soi-même.&#8221;</p>
<cite>&#8211; Peter Drucker</cite></blockquote>



<h2 class="wp-block-heading">Les 5 Questions clés à se poser régulièrement en tant que leader</h2>



<figure class="wp-block-image aligncenter size-large is-resized"><img loading="lazy" decoding="async" width="1024" height="576" src="https://www.culture-relations.net/wp-content/uploads/2025/05/Peter_Drucker_-1024x576.png" alt="" class="wp-image-7853" style="width:900px" srcset="https://www.culture-relations.net/wp-content/uploads/2025/05/Peter_Drucker_-1024x576.png 1024w, https://www.culture-relations.net/wp-content/uploads/2025/05/Peter_Drucker_-350x197.png 350w, https://www.culture-relations.net/wp-content/uploads/2025/05/Peter_Drucker_-768x432.png 768w" sizes="auto, (max-width: 1024px) 100vw, 1024px" /></figure>



<div style="height:21px" aria-hidden="true" class="wp-block-spacer"></div>



<div class="wp-block-columns is-layout-flex wp-container-core-columns-is-layout-28f84493 wp-block-columns-is-layout-flex">
<div class="wp-block-column is-layout-flow wp-block-column-is-layout-flow">
<p><strong><strong><strong>1. Quels sont mes points forts ?</strong></strong></strong></p>



<p>Ne perdez pas de temps à compenser vos faiblesses. Misez sur ce que vous faites bien, et capitalisez sur vos forces.</p>
</div>



<div class="wp-block-column is-layout-flow wp-block-column-is-layout-flow">
<p><strong><strong><strong>2. Comment est-ce que je fonctionne le mieux?  </strong></strong><br></strong>Connaissez votre mode de fonctionnement : comment vous communiquez, apprenez, prenez des décisions, atteignez vos objectifs. Ne luttez pas contre votre nature – optimisez-la.</p>
</div>



<div class="wp-block-column is-layout-flow wp-block-column-is-layout-flow">
<p><strong><strong>3. Quelles sont mes valeurs ?</strong></strong><br><br>Vos valeurs sont votre boussole. Travailler en cohérence avec ce qui vous importe profondément renforce votre engagement et votre impact.</p>
</div>



<div class="wp-block-column is-layout-flow wp-block-column-is-layout-flow">
<p><strong><strong>4. Où est ma juste place ?</strong><br><br></strong>Dans quels environnements donnez-vous le meilleur de vous-même ? Et dans lesquels non ? <br>Le sentiment d’appartenance nourrit la performance.</p>
</div>



<div class="wp-block-column is-layout-flow wp-block-column-is-layout-flow">
<p><strong><strong>5. Quelle est ma contribution ?</strong></strong><br><br>Le leadership ne dépend pas d’un poste, mais d’un impact. Quelle différence souhaitez-vous faire ? Comment pouvez-vous servir au mieux la mission ?</p>
</div>
</div>



<blockquote class="wp-block-quote has-green-color has-text-color has-link-color wp-elements-8f51616c1c1a4208b627a55782a43df1 is-layout-flow wp-block-quote-is-layout-flow">
<p>&#8221; La réussite appartient à ceux qui se connaissent : leurs forces, leurs valeurs et leur mode de fonctionnement.&#8221;</p>
<cite>&#8211; Peter Drucker</cite></blockquote>



<h2 class="wp-block-heading">Gérer son attention à l’ère de la distraction</h2>



<p>Dans un monde saturé de sollicitations, <strong>l’attention est votre ressource la plus précieuse</strong>. <br>Il ne s’agit pas de faire <strong>plus</strong>, mais de faire <strong>mieux </strong>– avec <strong>intention</strong>.</p>



<blockquote class="wp-block-quote has-green-color has-text-color has-link-color wp-elements-0dbf4f67ec0a427e04aad3b704876860 is-layout-flow wp-block-quote-is-layout-flow">
<p>&#8221; Le secret de l’efficacité, c’est la concentration.&#8221;</p>
<cite>&#8211; Peter Drucker</cite></blockquote>



<div class="wp-block-columns is-layout-flex wp-container-core-columns-is-layout-28f84493 wp-block-columns-is-layout-flex">
<div class="wp-block-column is-layout-flow wp-block-column-is-layout-flow">
<p><strong>Entraînez votre concentration.</strong><br><br>Priorisez ce qui compte vraiment. <br>Créez de l’espace pour penser et agir avec clarté. <br><br>C’est ainsi que les leaders d’aujourd’hui maintiennent leur énergie, leur lucidité et leur impact stratégique.</p>
</div>



<div class="wp-block-column is-layout-flow wp-block-column-is-layout-flow">
<figure class="wp-block-image alignleft size-full is-resized"><img loading="lazy" decoding="async" width="896" height="931" src="https://www.culture-relations.net/wp-content/uploads/2025/05/Focus.png" alt="" class="wp-image-8034" style="width:200px" srcset="https://www.culture-relations.net/wp-content/uploads/2025/05/Focus.png 896w, https://www.culture-relations.net/wp-content/uploads/2025/05/Focus-337x350.png 337w, https://www.culture-relations.net/wp-content/uploads/2025/05/Focus-768x798.png 768w" sizes="auto, (max-width: 896px) 100vw, 896px" /></figure>
</div>
</div>



<div style="height:44px" aria-hidden="true" class="wp-block-spacer"></div>



<h2 class="wp-block-heading">La présence en leadership commence par l&#8217;alignement intérieur</h2>



<div class="wp-block-columns is-layout-flex wp-container-core-columns-is-layout-28f84493 wp-block-columns-is-layout-flex">
<div class="wp-block-column is-layout-flow wp-block-column-is-layout-flow">
<figure class="wp-block-image alignright size-large is-resized"><img loading="lazy" decoding="async" width="1024" height="1016" src="https://www.culture-relations.net/wp-content/uploads/2025/05/self-question--1024x1016.png" alt="" class="wp-image-8039" style="width:220px" srcset="https://www.culture-relations.net/wp-content/uploads/2025/05/self-question--1024x1016.png 1024w, https://www.culture-relations.net/wp-content/uploads/2025/05/self-question--350x347.png 350w, https://www.culture-relations.net/wp-content/uploads/2025/05/self-question--150x150.png 150w, https://www.culture-relations.net/wp-content/uploads/2025/05/self-question--768x762.png 768w, https://www.culture-relations.net/wp-content/uploads/2025/05/self-question-.png 1081w" sizes="auto, (max-width: 1024px) 100vw, 1024px" /></figure>
</div>



<div class="wp-block-column is-layout-flow wp-block-column-is-layout-flow">
<p><br>L’auto-leadership n’est pas une compétence « douce » – c’est une compétence stratégique. Il s’agit d’incarner clarté, intention et présence, dans tous les contextes.</p>



<p>Et cela commence par cette question :<br><strong>Comment est-ce que je me dirige – aujourd’hui ?</strong></p>
</div>
</div>



<div style="height:89px" aria-hidden="true" class="wp-block-spacer"></div>



<hr class="wp-block-separator has-css-opacity"/>



<p class="has-small-font-size">* Peter F. Drucker (1909 – 2005), Pionier du management moderne. <em>“Managing Oneself ”, 2008; “The Effective Executive: The Definitive Guide to Getting the Right Things Done”, 2006</em></p>
</div>

<p>Diriger les autres commence par savoir se diriger soi-même Vous connaissez la métaphore de l’avion : « Mettez d’abord votre propre masque à oxygène. » Ce n’est pas de l’égoïsme, c’est une nécessité. Dans un monde complexe, rapide et interconnecté, le leadership commence par la conscience de soi, la gestion de soi et une attention [&hellip;]</p>
